
In base 2, what is -101010100 + 11?
-101010001
In base 11, what is 0 - -75?
75
In base 3, what is -100 + 20122?
20022
In base 4, what is 2121 - 22?
2033
In base 11, what is -74 - 3?
-77
In base 11, what is -2 - -64a?
648
In base 15, what is 21 + -3d?
-1c
In base 12, what is 8a1 + -1?
8a0
In base 2, what is -10000101111011 + -1?
-10000101111100
In base 5, what is 130 - 1?
124
In base 15, what is 17 + -19?
-2
In base 8, what is 76 - 4?
72
In base 2, what is -100 - -100110?
100010
In base 7, what is 51 - 0?
51
In base 5, what is -23 + 3?
-20
In base 3, what is -10 + -110?
-120
In base 2, what is 0 - 100101000011?
-100101000011
In base 16, what is -50 - 4?
-54
In base 11, what is -12 + 1?
-11
In base 7, what is 3 - -150?
153
In base 8, what is 320 + 0?
320
In base 13, what is 2 + -abc?
-aba
In base 16, what is -1 - -2?
1
In base 14, what is 59a + 3?
59d
In base 10, what is 1 + 1855?
1856
In base 4, what is 2002202 - 11?
2002131
In base 6, what is 2 + 21?
23
In base 13, what is -b + -3?
-11
In base 14, what is 9 + -1d?
-14
In base 5, what is 12 - -131?
143
In base 9, what is 436 - -5?
442
In base 14, what is -5 + 11?
a
In base 8, what is -40 + -231?
-271
In base 14, what is 1d - 1c5?
-1a6
In base 13, what is -127 + 6?
-121
In base 13, what is 5 + -12?
-a
In base 4, what is 21310 - -2?
21312
In base 8, what is 2 + 4?
6
In base 13, what is -38 - 1?
-39
In base 16, what is 1d8 - 39?
19f
In base 14, what is -42 - 1b?
-5d
In base 5, what is 1 + 231?
232
In base 7, what is -3 - 233?
-236
In base 2, what is 100010 - -11?
100101
In base 11, what is -38 - -6?
-32
In base 3, what is 0 + 102100?
102100
In base 13, what is -565 - 1?
-566
In base 2, what is -10011 - 10?
-10101
In base 14, what is a + -7a5?
-799
In base 11, what is -326 + 3?
-323
In base 16, what is -49 + -2?
-4b
In base 14, what is 41 - 2?
3d
In base 9, what is 27 - -50?
77
In base 15, what is -5 + -55b?
-561
In base 4, what is -23 + 312?
223
In base 8, what is 243 - 11?
232
In base 7, what is -2 + -116?
-121
In base 9, what is 4067 + -4?
4063
In base 14, what is -66 - -d?
-57
In base 11, what is -1 + -11?
-12
In base 14, what is -17 - 5?
-1c
In base 3, what is -221002 - -11?
-220221
In base 14, what is -362 - -1?
-361
In base 8, what is -3 + 1232?
1227
In base 6, what is 35 - 1112?
-1033
In base 16, what is -689b - -2?
-6899
In base 5, what is 430 + -1002?
-22
In base 5, what is -214 - 31?
-300
In base 6, what is 0 - 4504?
-4504
In base 15, what is 7 - -268?
270
In base 8, what is 13 - 34?
-21
In base 7, what is -4 - 305?
-312
In base 4, what is -13 + -11?
-30
In base 8, what is 51 + 4?
55
In base 15, what is -1b - 11?
-2c
In base 4, what is -1103 + -112?
-1221
In base 16, what is -2 + -4?
-6
In base 3, what is 211210 + -11?
211122
In base 2, what is -1110101 - 101?
-1111010
In base 6, what is -3522 + 2?
-3520
In base 4, what is -20133 + 130?
-20003
In base 15, what is -82 - -b?
-76
In base 7, what is 111 - 5?
103
In base 16, what is -1d - -2?
-1b
In base 4, what is 320 - -3?
323
In base 10, what is -3 + -178?
-181
In base 5, what is 234 - 11?
223
In base 5, what is 10 + 12?
22
In base 12, what is 371 + -3?
36a
In base 10, what is -2 - -13?
11
In base 14, what is 1 + d5?
d6
In base 3, what is -2 - -22220?
22211
In base 13, what is -5 + -151?
-156
In base 14, what is 2639 - -4?
263d
In base 15, what is 9 - -8?
12
In base 9, what is 8635 + -4?
8631
In base 5, what is -10 + 104402?
104342
In base 16, what is 2 + -5b?
-59
In base 6, what is -11 - 1011?
-1022
In base 8, what is 142 + -2?
140
In base 11, what is 50 + 6?
56
In base 7, what is 4 + -112?
-105
In base 2, what is 1100 + 10?
1110
In base 8, what is 74 + 2?
76
In base 6, what is 1413 - 4?
1405
In base 14, what is 1 + -39?
-38
In base 9, what is 111 - 48?
52
In base 10, what is 1 - 5?
-4
In base 8, what is -1 + 633?
632
In base 14, what is 296 + -5?
291
In base 5, what is 2 - 31200?
-31143
In base 12, what is 17 - 6?
11
In base 3, what is 2 - 101101?
-101022
In base 12, what is 5 + 81?
86
In base 11, what is -22 + 222?
200
In base 4, what is -10 + 303?
233
In base 6, what is 5 - -24?
33
In base 3, what is 1 - -1020022?
1020100
In base 6, what is -5 - 514?
-523
In base 6, what is -31 - -3404?
3333
In base 15, what is -a - -5?
-5
In base 9, what is -41 + 0?
-41
In base 5, what is 1034 - 103?
431
In base 15, what is 138 - -14?
14c
In base 8, what is -24 - 1107?
-1133
In base 9, what is -41 - 5?
-46
In base 13, what is 0 + 2583?
2583
In base 4, what is 0 - -1112?
1112
In base 3, what is 1211110 + -2?
1211101
In base 3, what is 1011 + 10020?
11101
In base 9, what is -570 + 25?
-544
In base 15, what is -5 + -56?
-5b
In base 14, what is -20a - 6?
-212
In base 3, what is 0 + -11102?
-11102
In base 10, what is -326 + -21?
-347
In base 15, what is c - -e6?
103
In base 14, what is -1 - b5?
-b6
In base 11, what is 2432 + 3?
2435
In base 10, what is -146 - -1?
-145
In base 7, what is -3 + -12?
-15
In base 9, what is -4 - 83?
-87
In base 2, what is 1011010 + -1110?
1001100
In base 10, what is -97 - -145?
48
In base 10, what is -463 + -4?
-467
In base 12, what is 31 + 5?
36
In base 7, what is -2 + 3501?
3466
In base 7, what is -4 - 5632?
-5636
In base 16, what is -14 - -1b8?
1a4
In base 3, what is -2 - -20001212?
20001210
In base 5, what is 214404 - 2?
214402
In base 9, what is -2778 + 0?
-2778
In base 13, what is 6 + 3?
9
In base 8, what is -5 - 7402?
-7407
In base 11, what is 26 - -6?
31
In base 13, what is 30 + -4?
29
In base 3, what is 1012 + -11120?
-10101
In base 6, what is -410102 + -1?
-410103
In base 6, what is 2501 + -2?
2455
In base 12, what is b - -18?
27
In base 14, what is -b8 + 3?
-b5
In base 4, what is -32 - 123?
-221
In base 14, what is -132 - -8?
-128
In base 5, what is -3 - 43222?
-43230
In base 2, what is 11010100011 + -101?
11010011110
In base 14, what is 4b + -13?
38
In base 8, what is 2 - -5317?
5321
In base 8, what is 100 - 26?
52
In base 15, what is -61 - 16b?
-1cc
In base 14, what is 1 + 19d?
1a0
In base 9, what is 16 - -34?
51
In base 13, what is -1070 - -3?
-106a
In base 14, what is 4b - 4?
47
In base 10, what is 222 + -2?
220
In base 13, what is -816 + 4?
-812
In base 10, what is -145 - -4?
-141
In base 8, what is -340 - -1?
-337
In base 7, what is 2444 - 1?
2443
In base 2, what is 111 - -111?
1110
In base 11, what is 147 - 6?
141
In base 15, what is 3e - -ec?
13b
In base 13, what is 1 - -9b?
9c
In base 8, what is -2004 - -4?
-2000
In base 11, what is a874 - -4?
a878
In base 6, what is 0 + 34?
34
In base 16, what is -77e + 2?
-77c
In base 15, what is -21 - -3?
-1d
In base 9, what is 2 + 60?
62
In base 5, what is 2 + 22112?
22114
In base 15, what is 17b - -2?
17d
In base 11, what is -943 - 0?
-943
In base 11, what is -183 - 25?
-1a8
In base 2, what is 111 + 110100011110?
110100100101
In base 2, what is 1 + 11001?
11010
In base 2, what is -1101 - 100?
-10001
In base 2, what is 111011 + 100?
111111
In base 7, what is 24 - 0?
24
In base 5, what is 140013 - 10?
140003
In base 16, what is 1272 + -3?
126f
In base 9, what is 18 - -15?
34
In base 3, what is -12 + 12021?
12002
In base 3, what is -1 - -2201?
2200
In base 8, what is 64 - -4?
70
In base 8, what is 22 + 4?
26
In base 4, what is -31 + -213?
-310
In base 10, what is 1412 - -7?
1419
In base 7, what is 52 - -1?
53
In base 5, what is -33 + 114?
31
In base 3, what is 1212020 - -12?
1212102
In base 2, what is 10010111 + 11100?
10110011
In base 15, what is 0 - -10e8?
10e8
In base 3, what is 121 - -1011?
1202
In base 4, what is -221 + 3?
-212
In base 3, what is 220 - -12?
1002
In base 12, what is 1 - -3a7?
3a8
In base 15, what is 61 + -6?
5a
In base 11, what is 4 + 163?
167
In base 15, what is 35d + 1?
35e
In base 15, what is -4 + 1066?
1062
In base 10, what is 6 + -80?
-74
In base 2, what is -1000 + 1010?
10
In base 3, what is 200 - 10000?
-2100
In base 15, what is -b5 + 0?
-b5
In base 9, what is -4 - 33?
-37
In base 5, what is -11 + 102?
41
In base 13, what is 3 + -8?
-5
In base 2, what is -110010001 + 11?
-110001110
In base 6, what is 2 - 32?
-30
In base 5, what is -40 - 414?
-1004
In base 12, what is 1 + 80?
81
In base 12, what is -1385 + 2?
-1383
In base 13, what is -4 - b9?
-c0
In base 6, what is 1 + 2?
3
In base 10, what is -41 - 0?
-41
In base 14, what is 188 + -4?
184